*3 - 14*z**2 - 11*z + 24. Suppose 5*i + 48 = -17. Let m be x(i). Let s(v) = -8*v - 2. Give s(m).
14
Let f(v) = v**2 - 7*v + 1. Let t be f(7). Let k(w) = -2*w**3 + 4*w**3 - w + w**2 - w**3 + 0*w**3. What is k(t)?
1
Let c(h) = 11*h**3 - h**2 - h + 1. Let m(t) = -3*t**2 + 17*t + 8. Let n be m(6). Suppose 2*l - 7*l + 4 = -a, n*a + l - 3 = 0. Determine c(a).
10
Let b(p) = -p**3 - p**2 + 3*p - 2. Let r = -56 + 173. Let s = -116 + r. Calculate b(s).
-1
Let w(d) = -8*d + d**2 - 6*d**2 - 6*d - 5*d - 3 + 22*d. Suppose 7 = 5*s + c, 5*s = s - c + 5. Give w(s).
-17
Suppose 0 = -2*f - 2*f. Let s(i) = -17 + i + 31 + 2*i**3 - 19 - 4*i**3 + 3*i**3. What is s(f)?
-5
Let h(g) = 111 - 28 - 42 - g - 3*g - 29. Determine h(8).
-20
Let s(c) = -10 + 33*c - 70*c + 36*c. What is s(-9)?
-1
Let p(c) = -67*c - 69*c + 13 + 8 + 134*c. Calculate p(11).
-1
Let r(s) = -s**3 - s**2 - 5*s - 6. Let t(v) = 2*v**3 + 10*v + 12. Let p(j) = -5*r(j) - 2*t(j). What is p(-4)?
2
Suppose -2*o + 3*o = 13. Suppose 3*t = 30 + 9. Let p(x) = o - t - x. Determine p(-5).
5
Suppose -3*m + 126 = 3*m. Suppose 3*a - 5*v + m = a, 4*a + 34 = 2*v. Let b(c) = -c - 6. Calculate b(a).
2
Let r(n) be the first derivative of 11*n**2/2 - 5*n - 306. Determine r(1).
6
Let v(h) be the second derivative of -9*h + 0*h**2 + 1/4*h**4 + 0 - 1/12*h**5 - 1/720*h**6 + 0*h**3. Let x(a) be the third derivative of v(a). Calculate x(0).
-10
Let h(j) = -j - 1. Let i be (-2)/(-1)*12/4. Let p be 2 - (0 - (-3)/3). Let y be (10/i - p)*9. Determine h(y).
-7
Let a(s) = -3*s - 22. Let v(k) = k + 10. Let o(y) = 2*a(y) + 5*v(y). What is o(12)?
-6
Let i be (-49)/14*(-2)/(-14)*-4. Let n(d) = 0 + 1 + i*d + 0*d - 2 - d**2. Calculate n(2).
-1
Let l(k) = -20*k - 21*k - 25*k + 47 + 84*k - 21*k. Calculate l(21).
-16
Let g(f) = f**3 - f**2 - f + 39. Suppose -10*m = 26*m. Determine g(m).
39
Suppose -5*g - 7 - 32 = -4*b, 15 = 2*b - g. Suppose 0 = -2*m + j + 1 + 2, -4 = -3*m + 2*j. Let l(i) = -m + 3*i**2 + 2 - 4*i**2 + 8*i. Give l(b).
12
Let n(y) = 4*y + 3. Suppose 32*h - 36*h - 20 = 0. Let o(s) = 5*s + 4. Let r(z) = h*o(z) + 6*n(z). Calculate r(-4).
2
Let m(t) = -7*t + 232. Let r be m(33). Let n(a) = -31*a**3 - a**2 + a. Determine n(r).
-31
Let p(v) = 4*v + 2. Let b(j) = -j + 25. Let k be b(15). Suppose -k = 3*m + 2*m. What is p(m)?
-6
Let r(k) = 9*k**3 + 1. Let b = -42 - -36. Let g be (-1)/b*18/3. What is r(g)?
10
Let k(t) = t**3 + 10*t**2 + 10*t + 1. Suppose -3*y = -m + 2*y + 19, 2*m + 3*y = -14. Let s be -4 - m - (0 - -6). What is k(s)?
-8
Let n(o) = -o**3 + 7*o**2 - 8*o - 6. Let a(y) = 2*y**3 + 10*y**2 - 13*y. Let q be a(-6). What is n(q)?
-18
Let f(o) = -2*o**3 + o**2 + o. Suppose -71*m = -73*m - 4. Suppose -6*r + 20 = -r. Let z be r/(m + 6) + -2. Determine f(z).
2
Let w(c) = c**2 - 46*c - 45. Let i be w(47). Let s(b) = b**2 - 2*b + 4. What is s(i)?
4
Let c(x) be the first derivative of 1/2*x**2 - 16 + 1/4*x**4 - 2*x + 5/3*x**3. Calculate c(-5).
-7
Suppose 3*c - 24 = 3*n, -c - 2*n - 49 = -6*c. Let g = -7 + c. Suppose -28*o = -27*o + g. Let d(y) = -y**2 - 6*y + 4. Give d(o).
12
Let r(q) be the second derivative of -q**6/720 + q**5/20 + q**4/3 + 4*q. Let x(h) be the third derivative of r(h). Let j be 1/((-1)/(-7)) + -1. Calculate x(j).
0
Let w(h) be the first derivative of 10*h**3/3 - h**2/2 + h - 34. What is w(1)?
10
Let k(p) = -p**3 + 4*p**2 - 2*p - 2. Let c be k(2). Let l be 6*(-1 - 10/(-15)). Let n = l - c. Let b(z) = 2*z + 6. Give b(n).
-2
Let g be 2 - 1/(-3)*(6 + -12). Suppose g = -4*r + 1 - 9, -j - 3*r - 4 = 0. Let p(f) = 3*f**2 + 3*f - 3. Calculate p(j).
15
Suppose -4*k + 11 + 25 = 4*y, -5*k - 3*y + 41 = 0. Let c = 7 - k. Let v(n) = n**3 - 4 - 2*n**2 - 3*n + 6*n**2 + c*n**3. Calculate v(-4).
8
Suppose 0*k = 3*k - 9. Let p(o) = -2*o**2 + 4*o**2 - 4*o**2 + k*o**2 + 5*o + 2. Give p(-4).
-2
Let k(b) = -3*b + 6 + 12 - 10 - 8. What is k(1)?
-3
Let w(x) = -x**2 + 10*x - 8. Suppose -b - 6*y = -3*y, 39 = 4*b - y. Calculate w(b).
1
Let v(x) = 51 - x**3 - 16 - 31 - 6*x**2 + 8*x. Determine v(-7).
-3
Suppose 3*w - 17 = a, -5*w + 0*a - 2*a = -10. Let j(z) = 2*z**2 - 4*z + 4. Determine j(w).
20
Let r(m) = -m**2 + 6*m - 27. Let w(k) = 4*k**2 - 17*k + 85. Let f(d) = 7*r(d) + 2*w(d). Give f(-10).
1
Let t(d) = d**3 + 3*d**2 - 4*d - 4. Suppose 2*o - 1 = 3. Suppose 3*p = o*p + 2. Suppose 0 = -p*j - 8 - 0. What is t(j)?
-4
Let j(c) = -3*c + 4. Let v be j(1). Let l(z) = -z + v + 3*z - 9*z**3 + 5*z**3 + 2*z**3. Calculate l(-1).
1
Let v be (1*-1)/((0 - 6) + 7). Let g(q) = q**3 + q - 1. Let p(w) = 4*w**3 + 3*w**2 + 10*w - 5. Let y(r) = v*p(r) + 5*g(r). Give y(4).
-4
Let w(i) = -i**3 - i**2 + 4*i + 1. Let c be ((-27)/(-12))/((-15)/(-100)). Let t(u) = -u**2 + 17*u - 33. Let d be t(c). What is w(d)?
7
Let u(q) be the first derivative of -2*q**2 - 6*q + 111. Calculate u(-5).
14
Let y(k) = -22 + 3 + 12 - k. Determine y(-2).
-5
Let t(d) = -2*d + 1 + 1 + 3*d**3 - 2*d**2 - 4*d**3. Let m be (-5)/2*(-100)/(-125). Determine t(m).
6
Suppose 501 = -6*v + 621. Let z(j) = -j + 8. Give z(v).
-12
Let s(g) = 3*g - 3. Suppose 0 = 3*j - 0*j + 90. Let u be (8/20)/((-2)/j). Let q = u + -4. Give s(q).
3
Let p be 18/(-16) + (-1)/(-8). Let v(l) = -8*l - 1. Let s(z) = -9*z - 1. Let u(o) = 2*s(o) - 3*v(o). Let y(h) = 1. Let d(i) = p*u(i) + 2*y(i). Give d(-1).
7
Let v be 0 + 3 + -44 + 7. Let j = 28 + v. Let l(m) = 2*m - 2 - m + 3. What is l(j)?
-5
Let m(r) be the third derivative of -5*r**5/12 + r**3/6 - 346*r**2. What is m(1)?
-24
Let h(b) = -b**3 - b**2 - 1. Suppose 12 = 4*x + 5*n, -10 = 8*x - 5*x - n. Determine h(x).
3
Let o = -15 - -13. Let k(x) = -5*x**2 + 15561 - x**3 - 2*x - 15561. Calculate k(o).
-8
Suppose -k = -2 - 2. Suppose -3*z - 20 = -7*z. Suppose -a = 2*f + z, k - 17 = 4*f - a. Let m(v) = -2*v - 3. Give m(f).
3
Let z(v) be the first derivative of 3*v**2/2 - 8*v + 71. What is z(6)?
10
Let f be (-2 + -8 + 5)*(-2 + 1). Let z(k) = k**3 + 9*k**2 - 8*k - 7. Let u(x) = 3*x**3 + 19*x**2 - 17*x - 14. Let v(y) = 2*u(y) - 5*z(y). Determine v(f).
-13
Let w(k) = -6*k + 1. Suppose -8 = -6*l - 14. Give w(l).
7
Let s(k) = 2*k - 19. Let n be s(9). Let d(a) = 1 + a + 2*a**2 + 20*a**3 + 0*a + a + 0*a. Calculate d(n).
-19
Let v = 38 - 13. Suppose -2*r + v = 3*r. Let y(o) = 4*o**2 - o**3 + o**2 - 4 + 0*o**3. Calculate y(r).
-4
Let q(p) = -p**2 - p + 2. Let u be q(-2). Suppose -5*z = -u*z. Let d(f) be the first derivative of -f**4/4 + f**3/3 + f**2/2 + 4*f - 4337. Determine d(z).
4
Suppose -70 = 233*a - 219*a. Let s(t) = t**2 + 6*t + 6. What is s(a)?
1
Let i(l) be the second derivative of -l**6/360 - l**5/15 + 13*l**4/24 + 29*l**3/6 - 18*l. Let n(s) be the second derivative of i(s). What is n(-9)?
4
Suppose -5*q + 3*l - 57 = 0, 5*q - 5 = -13*l + 2. Let o(n) = -n**2 - 8*n + 2. Determine o(q).
-7
Let y(i) = i**3 + 8*i**2 - 8. Let a = 60 + -57. Let m be -12 - 1*(-1 - a). Give y(m).
-8
Let w be (8 - 7)/(1/5). Suppose w*r + 41 = -44. Let h = 16 + r. Let o(g) = 8*g**3 - 2*g**2 - 2*g - 1. Determine o(h).
-9
Let c(k) = -k + 1. Let l(x) = x. Let j(h) = 3*c(h) + l(h). Let t be ((5 - -7)/(-4))/(3/(-5)). Calculate j(t).
-7
Let i(n) be the first derivative of -n**3/3 + 3*n**2/2 + 4*n + 6. Let p = -42 + 45. Calculate i(p).
4
Let l(r) = r**3 + 11*r**2 + 23*r - 2. Let o be l(-8). Let d(z) = 10*z**2 - 23*z**2 + o*z**2. What is d(1)?
-7
Let w(y) = -10*y - 2. Let n = 151 + -81. Let x = n - 72. Calculate w(x).
18
Let g(a) = a + 19. Let i be g(-13). Suppose -6*l = -i*l - 2*l. Let d(v) = -v**2 - v + 6. What is d(l)?
6
Let l(g) = -14 + 259*g**2 - 262*g**2 + g - 9*g + 9. Calculate l(-5).
-40
Let c(r) = -4*r + 1. Let s(p) = p + 15. Let o be s(-14). Calculate c(o).
-3
Let f(j) = -j**3 + j**2 + 2. Let x(y) = -5*y**3 + y**2 + 3*y + 17. Let v(n) = 6*f(n) - x(n). What is v(5)?
-20
Let h(u) = u**2 - u. Let p(i) = -i**2 + 20*i + 21. Suppose -3*b = -11*b + 168. Let l be p(b). Calculate h(l).
0
Let w(o) = 3*o - 2. Suppose -3*q - 4*a + 56 = 0, -2*a = 3*a + 5. Suppose -5 + q = 5*l. Suppose -29 = -5*s + l*f, s = -s - 4*f - 4. Give w(s).
10
Suppose 3*o - 13 = -4*x - 0, 0 = o + 5*x - 8. Let y be ((-1)/(-4))/(3 - (-59)/(-20)). Let j(d) = -7 - y*d**2 + 4 + 5*d + 4*d**2. What is j(o)?
3
Let d(f) = f**2 + 2*f + 10. Let v(g) = 2*g**2 + 3*g + 11. Let p(q) = 3*d(q) - 2*v(q). Let r(a) = 2*a**2 + a - 15. Let s(i) = -7*p(i) - 4*r(i). Calc